{"id":283,"date":"2023-04-17T10:38:19","date_gmt":"2023-04-17T10:38:19","guid":{"rendered":"https:\/\/mauxka.eus\/sample-page\/"},"modified":"2023-06-09T11:12:39","modified_gmt":"2023-06-09T09:12:39","slug":"sample-page","status":"publish","type":"page","link":"https:\/\/mauxka.eus\/es\/","title":{"rendered":"Mauxka Jatetxea"},"content":{"rendered":"<h2>Mauxka, mucho m\u00e1s que un restaurante.<\/h2>\n<div class=\"sarrera-azalpena\">\n<div class=\"lead\">\n<p>Mauxka significa comer a gusto y con apetito. El pilar de nuestro restaurante es el producto y su producci\u00f3n sostenible.<\/p>\n<\/div>\n<p>La mayor\u00eda de nuestros platos son cercanos, de temporada y hechos de manera responsable. Se priorizan a los productores de la comarca y de Euskal Herria, siendo la materia prima estacional y ecol\u00f3gica en lo m\u00e1ximo posible..<\/p>\n<\/div>\n","protected":false},"excerpt":{"rendered":"<p>Mauxka, mucho m\u00e1s que un restaurante. Mauxka significa comer a gusto y con apetito. El pilar de nuestro restaurante es el producto y su producci\u00f3n sostenible. La mayor\u00eda de nuestros platos son cercanos, de temporada y hechos de manera responsable. Se priorizan a los productores de la comarca y de Euskal Herria, siendo la materia [&hellip;]<\/p>\n","protected":false},"author":1,"featured_media":0,"parent":0,"menu_order":0,"comment_status":"closed","ping_status":"closed","template":"template-homepage.php","meta":{"_acf_changed":false,"footnotes":""},"class_list":["post-283","page","type-page","status-publish","hentry"],"acf":[],"yoast_head":"<!-- This site is optimized with the Yoast SEO plugin v26.8 - https:\/\/yoast.com\/product\/yoast-seo-wordpress\/ -->\n<title>Producto de temporada - Mauxka Jatetxea - Men\u00fa del d\u00eda - O\u00f1ati<\/title>\n<meta name=\"description\" content=\"Pllatos, elaborados con ingredientes locales y de temporada. Disfruta de nuestro men\u00fa del d\u00eda y men\u00fas de fin de semana. Vegetarianos, veganos\" \/>\n<meta name=\"robots\" content=\"index, follow, max-snippet:-1, max-image-preview:large, max-video-preview:-1\" \/>\n<link rel=\"canonical\" href=\"https:\/\/mauxka.eus\/es\/\" \/>\n<meta property=\"og:locale\" content=\"es_ES\" \/>\n<meta property=\"og:type\" content=\"article\" \/>\n<meta property=\"og:title\" content=\"Producto de temporada - Mauxka Jatetxea - Men\u00fa del d\u00eda - O\u00f1ati\" \/>\n<meta property=\"og:description\" content=\"Pllatos, elaborados con ingredientes locales y de temporada. Disfruta de nuestro men\u00fa del d\u00eda y men\u00fas de fin de semana. Vegetarianos, veganos\" \/>\n<meta property=\"og:url\" content=\"https:\/\/mauxka.eus\/es\/\" \/>\n<meta property=\"og:site_name\" content=\"Mauxka Jatetxea\" \/>\n<meta property=\"article:modified_time\" content=\"2023-06-09T09:12:39+00:00\" \/>\n<meta name=\"twitter:card\" content=\"summary_large_image\" \/>\n<meta name=\"twitter:label1\" content=\"Tiempo de lectura\" \/>\n\t<meta name=\"twitter:data1\" content=\"1 minuto\" \/>\n<script type=\"application\/ld+json\" class=\"yoast-schema-graph\">{\"@context\":\"https:\/\/schema.org\",\"@graph\":[{\"@type\":\"WebPage\",\"@id\":\"https:\/\/mauxka.eus\/es\/\",\"url\":\"https:\/\/mauxka.eus\/es\/\",\"name\":\"Producto de temporada - Mauxka Jatetxea - Men\u00fa del d\u00eda - O\u00f1ati\",\"isPartOf\":{\"@id\":\"https:\/\/mauxka.eus\/es\/#website\"},\"datePublished\":\"2023-04-17T10:38:19+00:00\",\"dateModified\":\"2023-06-09T09:12:39+00:00\",\"description\":\"Pllatos, elaborados con ingredientes locales y de temporada. Disfruta de nuestro men\u00fa del d\u00eda y men\u00fas de fin de semana. Vegetarianos, veganos\",\"breadcrumb\":{\"@id\":\"https:\/\/mauxka.eus\/es\/#breadcrumb\"},\"inLanguage\":\"es\",\"potentialAction\":[{\"@type\":\"ReadAction\",\"target\":[\"https:\/\/mauxka.eus\/es\/\"]}]},{\"@type\":\"BreadcrumbList\",\"@id\":\"https:\/\/mauxka.eus\/es\/#breadcrumb\",\"itemListElement\":[{\"@type\":\"ListItem\",\"position\":1,\"name\":\"Home\",\"item\":\"https:\/\/mauxka.eus\/es\/\"},{\"@type\":\"ListItem\",\"position\":2,\"name\":\"Mauxka Jatetxea\"}]},{\"@type\":\"WebSite\",\"@id\":\"https:\/\/mauxka.eus\/es\/#website\",\"url\":\"https:\/\/mauxka.eus\/es\/\",\"name\":\"Mauxka Jatetxea\",\"description\":\"\",\"publisher\":{\"@id\":\"https:\/\/mauxka.eus\/es\/#organization\"},\"potentialAction\":[{\"@type\":\"SearchAction\",\"target\":{\"@type\":\"EntryPoint\",\"urlTemplate\":\"https:\/\/mauxka.eus\/es\/?s={search_term_string}\"},\"query-input\":{\"@type\":\"PropertyValueSpecification\",\"valueRequired\":true,\"valueName\":\"search_term_string\"}}],\"inLanguage\":\"es\"},{\"@type\":\"Organization\",\"@id\":\"https:\/\/mauxka.eus\/es\/#organization\",\"name\":\"Mauxka Jatetxea\",\"url\":\"https:\/\/mauxka.eus\/es\/\",\"logo\":{\"@type\":\"ImageObject\",\"inLanguage\":\"es\",\"@id\":\"https:\/\/mauxka.eus\/es\/#\/schema\/logo\/image\/\",\"url\":\"https:\/\/mauxka.eus\/wp-content\/uploads\/2023\/04\/mauxka-logoa_osoa.png\",\"contentUrl\":\"https:\/\/mauxka.eus\/wp-content\/uploads\/2023\/04\/mauxka-logoa_osoa.png\",\"width\":502,\"height\":306,\"caption\":\"Mauxka Jatetxea\"},\"image\":{\"@id\":\"https:\/\/mauxka.eus\/es\/#\/schema\/logo\/image\/\"}}]}<\/script>\n<!-- \/ Yoast SEO plugin. -->","yoast_head_json":{"title":"Producto de temporada - Mauxka Jatetxea - Men\u00fa del d\u00eda - O\u00f1ati","description":"Pllatos, elaborados con ingredientes locales y de temporada. Disfruta de nuestro men\u00fa del d\u00eda y men\u00fas de fin de semana. Vegetarianos, veganos","robots":{"index":"index","follow":"follow","max-snippet":"max-snippet:-1","max-image-preview":"max-image-preview:large","max-video-preview":"max-video-preview:-1"},"canonical":"https:\/\/mauxka.eus\/es\/","og_locale":"es_ES","og_type":"article","og_title":"Producto de temporada - Mauxka Jatetxea - Men\u00fa del d\u00eda - O\u00f1ati","og_description":"Pllatos, elaborados con ingredientes locales y de temporada. Disfruta de nuestro men\u00fa del d\u00eda y men\u00fas de fin de semana. Vegetarianos, veganos","og_url":"https:\/\/mauxka.eus\/es\/","og_site_name":"Mauxka Jatetxea","article_modified_time":"2023-06-09T09:12:39+00:00","twitter_card":"summary_large_image","twitter_misc":{"Tiempo de lectura":"1 minuto"},"schema":{"@context":"https:\/\/schema.org","@graph":[{"@type":"WebPage","@id":"https:\/\/mauxka.eus\/es\/","url":"https:\/\/mauxka.eus\/es\/","name":"Producto de temporada - Mauxka Jatetxea - Men\u00fa del d\u00eda - O\u00f1ati","isPartOf":{"@id":"https:\/\/mauxka.eus\/es\/#website"},"datePublished":"2023-04-17T10:38:19+00:00","dateModified":"2023-06-09T09:12:39+00:00","description":"Pllatos, elaborados con ingredientes locales y de temporada. Disfruta de nuestro men\u00fa del d\u00eda y men\u00fas de fin de semana. Vegetarianos, veganos","breadcrumb":{"@id":"https:\/\/mauxka.eus\/es\/#breadcrumb"},"inLanguage":"es","potentialAction":[{"@type":"ReadAction","target":["https:\/\/mauxka.eus\/es\/"]}]},{"@type":"BreadcrumbList","@id":"https:\/\/mauxka.eus\/es\/#breadcrumb","itemListElement":[{"@type":"ListItem","position":1,"name":"Home","item":"https:\/\/mauxka.eus\/es\/"},{"@type":"ListItem","position":2,"name":"Mauxka Jatetxea"}]},{"@type":"WebSite","@id":"https:\/\/mauxka.eus\/es\/#website","url":"https:\/\/mauxka.eus\/es\/","name":"Mauxka Jatetxea","description":"","publisher":{"@id":"https:\/\/mauxka.eus\/es\/#organization"},"potentialAction":[{"@type":"SearchAction","target":{"@type":"EntryPoint","urlTemplate":"https:\/\/mauxka.eus\/es\/?s={search_term_string}"},"query-input":{"@type":"PropertyValueSpecification","valueRequired":true,"valueName":"search_term_string"}}],"inLanguage":"es"},{"@type":"Organization","@id":"https:\/\/mauxka.eus\/es\/#organization","name":"Mauxka Jatetxea","url":"https:\/\/mauxka.eus\/es\/","logo":{"@type":"ImageObject","inLanguage":"es","@id":"https:\/\/mauxka.eus\/es\/#\/schema\/logo\/image\/","url":"https:\/\/mauxka.eus\/wp-content\/uploads\/2023\/04\/mauxka-logoa_osoa.png","contentUrl":"https:\/\/mauxka.eus\/wp-content\/uploads\/2023\/04\/mauxka-logoa_osoa.png","width":502,"height":306,"caption":"Mauxka Jatetxea"},"image":{"@id":"https:\/\/mauxka.eus\/es\/#\/schema\/logo\/image\/"}}]}},"_links":{"self":[{"href":"https:\/\/mauxka.eus\/es\/wp-json\/wp\/v2\/pages\/283","targetHints":{"allow":["GET"]}}],"collection":[{"href":"https:\/\/mauxka.eus\/es\/wp-json\/wp\/v2\/pages"}],"about":[{"href":"https:\/\/mauxka.eus\/es\/wp-json\/wp\/v2\/types\/page"}],"author":[{"embeddable":true,"href":"https:\/\/mauxka.eus\/es\/wp-json\/wp\/v2\/users\/1"}],"replies":[{"embeddable":true,"href":"https:\/\/mauxka.eus\/es\/wp-json\/wp\/v2\/comments?post=283"}],"version-history":[{"count":2,"href":"https:\/\/mauxka.eus\/es\/wp-json\/wp\/v2\/pages\/283\/revisions"}],"predecessor-version":[{"id":403,"href":"https:\/\/mauxka.eus\/es\/wp-json\/wp\/v2\/pages\/283\/revisions\/403"}],"wp:attachment":[{"href":"https:\/\/mauxka.eus\/es\/wp-json\/wp\/v2\/media?parent=283"}],"curies":[{"name":"wp","href":"https:\/\/api.w.org\/{rel}","templated":true}]}}

<h2>Mauxka, mucho más que un restaurante.</h2>
<div class="sarrera-azalpena">
<div class="lead">
<p>Mauxka significa comer a gusto y con apetito. El pilar de nuestro restaurante es el producto y su producción sostenible.</p>
</div>
<p>La mayoría de nuestros platos son cercanos, de temporada y hechos de manera responsable. Se priorizan a los productores de la comarca y de Euskal Herria, siendo la materia prima estacional y ecológica en lo máximo posible..</p>
</div>

<p>Mauxka, mucho más que un restaurante. Mauxka significa comer a gusto y con apetito. El pilar de nuestro restaurante es el producto y su producción sostenible. La mayoría de nuestros platos son cercanos, de temporada y hechos de manera responsable. Se priorizan a los productores de la comarca y de Euskal Herria, siendo la materia [&hellip;]</p>

<!-- This site is optimized with the Yoast SEO plugin v26.8 - https://yoast.com/product/yoast-seo-wordpress/ -->
<title>Producto de temporada - Mauxka Jatetxea - Menú del día - Oñati</title>
<meta name="description" content="Pllatos, elaborados con ingredientes locales y de temporada. Disfruta de nuestro menú del día y menús de fin de semana. Vegetarianos, veganos" />
<meta name="robots" content="index, follow, max-snippet:-1, max-image-preview:large, max-video-preview:-1" />
<link rel="canonical" href="https://mauxka.eus/es/" />
<meta property="og:locale" content="es_ES" />
<meta property="og:type" content="article" />
<meta property="og:title" content="Producto de temporada - Mauxka Jatetxea - Menú del día - Oñati" />
<meta property="og:description" content="Pllatos, elaborados con ingredientes locales y de temporada. Disfruta de nuestro menú del día y menús de fin de semana. Vegetarianos, veganos" />
<meta property="og:url" content="https://mauxka.eus/es/" />
<meta property="og:site_name" content="Mauxka Jatetxea" />
<meta property="article:modified_time" content="2023-06-09T09:12:39+00:00" />
<meta name="twitter:card" content="summary_large_image" />
<meta name="twitter:label1" content="Tiempo de lectura" />
	<meta name="twitter:data1" content="1 minuto" />
<script type="application/ld+json" class="yoast-schema-graph">{"@context":"https://schema.org","@graph":[{"@type":"WebPage","@id":"https://mauxka.eus/es/","url":"https://mauxka.eus/es/","name":"Producto de temporada - Mauxka Jatetxea - Menú del día - Oñati","isPartOf":{"@id":"https://mauxka.eus/es/#website"},"datePublished":"2023-04-17T10:38:19+00:00","dateModified":"2023-06-09T09:12:39+00:00","description":"Pllatos, elaborados con ingredientes locales y de temporada. Disfruta de nuestro menú del día y menús de fin de semana. Vegetarianos, veganos","breadcrumb":{"@id":"https://mauxka.eus/es/#breadcrumb"},"inLanguage":"es","potentialAction":[{"@type":"ReadAction","target":["https://mauxka.eus/es/"]}]},{"@type":"BreadcrumbList","@id":"https://mauxka.eus/es/#breadcrumb","itemListElement":[{"@type":"ListItem","position":1,"name":"Home","item":"https://mauxka.eus/es/"},{"@type":"ListItem","position":2,"name":"Mauxka Jatetxea"}]},{"@type":"WebSite","@id":"https://mauxka.eus/es/#website","url":"https://mauxka.eus/es/","name":"Mauxka Jatetxea","description":"","publisher":{"@id":"https://mauxka.eus/es/#organization"},"potentialAction":[{"@type":"SearchAction","target":{"@type":"EntryPoint","urlTemplate":"https://mauxka.eus/es/?s={search_term_string}"},"query-input":{"@type":"PropertyValueSpecification","valueRequired":true,"valueName":"search_term_string"}}],"inLanguage":"es"},{"@type":"Organization","@id":"https://mauxka.eus/es/#organization","name":"Mauxka Jatetxea","url":"https://mauxka.eus/es/","logo":{"@type":"ImageObject","inLanguage":"es","@id":"https://mauxka.eus/es/#/schema/logo/image/","url":"https://mauxka.eus/wp-content/uploads/2023/04/mauxka-logoa_osoa.png","contentUrl":"https://mauxka.eus/wp-content/uploads/2023/04/mauxka-logoa_osoa.png","width":502,"height":306,"caption":"Mauxka Jatetxea"},"image":{"@id":"https://mauxka.eus/es/#/schema/logo/image/"}}]}</script>
<!-- / Yoast SEO plugin. -->

Producto de temporada - Mauxka Jatetxea - Menú del día - Oñati

Pllatos, elaborados con ingredientes locales y de temporada. Disfruta de nuestro menú del día y menús de fin de semana. Vegetarianos, veganos
